{"id":577,"date":"2023-05-05T07:45:29","date_gmt":"2023-05-05T07:45:29","guid":{"rendered":"https:\/\/studioflorence.pl\/?page_id=577"},"modified":"2023-05-05T07:55:06","modified_gmt":"2023-05-05T07:55:06","slug":"projektowanie-wnetrz-mieszkalnych","status":"publish","type":"page","link":"https:\/\/studioflorence.pl\/index.php\/projektowanie-wnetrz-mieszkalnych\/","title":{"rendered":"PROJEKTOWANIE WN\u0118TRZ MIESZKALNYCH"},"content":{"rendered":"\t\t<div data-elementor-type=\"wp-page\" data-elementor-id=\"577\" class=\"elementor elementor-577\" data-elementor-post-type=\"page\">\n\t\t\t\t\t\t\t\t\t<section data-particle_enable=\"false\" data-particle-mobile-disabled=\"false\" class=\"elementor-section elementor-top-section elementor-element elementor-element-67c5007 elementor-section-boxed elementor-section-height-default elementor-section-height-default\" data-id=\"67c5007\" data-element_type=\"section\" data-settings=\"{&quot;_ha_eqh_enable&quot;:false}\">\n\t\t\t\t\t\t<div class=\"elementor-container elementor-column-gap-wider\">\n\t\t\t\t\t<div class=\"elementor-column elementor-col-100 elementor-top-column elementor-element elementor-element-1c49d60\" data-id=\"1c49d60\" data-element_type=\"column\">\n\t\t\t<div class=\"elementor-widget-wrap elementor-element-populated\">\n\t\t\t\t\t\t\t\t<div class=\"elementor-element elementor-element-604f3e3 elementor-invisible elementor-widget elementor-widget-heading\" data-id=\"604f3e3\" data-element_type=\"widget\" data-settings=\"{&quot;_animation&quot;:&quot;fadeIn&quot;}\" data-widget_type=\"heading.default\">\n\t\t\t\t<div class=\"elementor-widget-container\">\n\t\t\t<h2 class=\"elementor-heading-title elementor-size-default\">PROJEKTOWANIE WN\u0118TRZ MIESZKALNYCH<\/h2>\t\t<\/div>\n\t\t\t\t<\/div>\n\t\t\t\t\t<\/div>\n\t\t<\/div>\n\t\t\t\t\t\t\t<\/div>\n\t\t<\/section>\n\t\t\t\t<section data-particle_enable=\"false\" data-particle-mobile-disabled=\"false\" class=\"elementor-section elementor-top-section elementor-element elementor-element-e9568e9 elementor-section-boxed elementor-section-height-default elementor-section-height-default elementor-invisible\" data-id=\"e9568e9\" data-element_type=\"section\" data-settings=\"{&quot;animation&quot;:&quot;fadeIn&quot;,&quot;_ha_eqh_enable&quot;:false}\">\n\t\t\t\t\t\t<div class=\"elementor-container elementor-column-gap-wider\">\n\t\t\t\t\t<div class=\"elementor-column elementor-col-100 elementor-top-column elementor-element elementor-element-2d4e437\" data-id=\"2d4e437\" data-element_type=\"column\">\n\t\t\t<div class=\"elementor-widget-wrap elementor-element-populated\">\n\t\t\t\t\t\t\t\t<div class=\"elementor-element elementor-element-017b897 elementor-widget elementor-widget-text-editor\" data-id=\"017b897\" data-element_type=\"widget\" data-widget_type=\"text-editor.default\">\n\t\t\t\t<div class=\"elementor-widget-container\">\n\t\t\t\t\t\t\t<p>Zakres us\u0142ugi obejmuje wykonanie projektu koncepcyjnego wraz z wizualizacj\u0105. Wykonujemy zestawienie materia\u0142\u00f3w, kosztorys oraz rzuty techniczne pomieszcze\u0144.<\/p><p>Gwarantujemy nieoczywiste rozwi\u0105zania maj\u0105ce nada\u0107 indywidualny charakter i wygod\u0119 w u\u017cytkowaniu zaprojektowanych wn\u0119trz.<\/p>\t\t\t\t\t\t<\/div>\n\t\t\t\t<\/div>\n\t\t\t\t\t<\/div>\n\t\t<\/div>\n\t\t\t\t\t\t\t<\/div>\n\t\t<\/section>\n\t\t\t\t\t\t\t<\/div>\n\t\t","protected":false},"excerpt":{"rendered":"<p>PROJEKTOWANIE WN\u0118TRZ MIESZKALNYCH Zakres us\u0142ugi obejmuje wykonanie projektu koncepcyjnego wraz z wizualizacj\u0105. Wykonujemy zestawienie materia\u0142\u00f3w, kosztorys oraz rzuty techniczne pomieszcze\u0144. Gwarantujemy nieoczywiste rozwi\u0105zania maj\u0105ce nada\u0107 indywidualny charakter i wygod\u0119 w u\u017cytkowaniu zaprojektowanych wn\u0119trz.<\/p>\n","protected":false},"author":1,"featured_media":0,"parent":0,"menu_order":0,"comment_status":"closed","ping_status":"closed","template":"elementor_header_footer","meta":{"footnotes":""},"yoast_head":"<!-- This site is optimized with the Yoast SEO Premium plugin v16.9 (Yoast SEO v16.9) - https:\/\/yoast.com\/wordpress\/plugins\/seo\/ -->\n<title>PROJEKTOWANIE WN\u0118TRZ MIESZKALNYCH - Studio Florence<\/title>\n<meta name=\"robots\" content=\"index, follow, max-snippet:-1, max-image-preview:large, max-video-preview:-1\" \/>\n<link rel=\"canonical\" href=\"https:\/\/studioflorence.pl\/index.php\/projektowanie-wnetrz-mieszkalnych\/\" \/>\n<meta property=\"og:locale\" content=\"pl_PL\" \/>\n<meta property=\"og:type\" content=\"article\" \/>\n<meta property=\"og:title\" content=\"PROJEKTOWANIE WN\u0118TRZ MIESZKALNYCH\" \/>\n<meta property=\"og:description\" content=\"PROJEKTOWANIE WN\u0118TRZ MIESZKALNYCH Zakres us\u0142ugi obejmuje wykonanie projektu koncepcyjnego wraz z wizualizacj\u0105. Wykonujemy zestawienie materia\u0142\u00f3w, kosztorys oraz rzuty techniczne pomieszcze\u0144. Gwarantujemy nieoczywiste rozwi\u0105zania maj\u0105ce nada\u0107 indywidualny charakter i wygod\u0119 w u\u017cytkowaniu zaprojektowanych wn\u0119trz.\" \/>\n<meta property=\"og:url\" content=\"https:\/\/studioflorence.pl\/index.php\/projektowanie-wnetrz-mieszkalnych\/\" \/>\n<meta property=\"og:site_name\" content=\"Studio Florence\" \/>\n<meta property=\"article:modified_time\" content=\"2023-05-05T07:55:06+00:00\" \/>\n<meta name=\"twitter:card\" content=\"summary_large_image\" \/>\n<meta name=\"twitter:label1\" content=\"Szacowany czas czytania\" \/>\n\t<meta name=\"twitter:data1\" content=\"1 minuta\" \/>\n<script type=\"application\/ld+json\" class=\"yoast-schema-graph\">{\"@context\":\"https:\/\/schema.org\",\"@graph\":[{\"@type\":\"WebSite\",\"@id\":\"https:\/\/studioflorence.pl\/#website\",\"url\":\"https:\/\/studioflorence.pl\/\",\"name\":\"Studio Florence\",\"description\":\"Projektowanie Wn\\u0119trz\",\"potentialAction\":[{\"@type\":\"SearchAction\",\"target\":{\"@type\":\"EntryPoint\",\"urlTemplate\":\"https:\/\/studioflorence.pl\/?s={search_term_string}\"},\"query-input\":\"required name=search_term_string\"}],\"inLanguage\":\"pl-PL\"},{\"@type\":\"WebPage\",\"@id\":\"https:\/\/studioflorence.pl\/index.php\/projektowanie-wnetrz-mieszkalnych\/#webpage\",\"url\":\"https:\/\/studioflorence.pl\/index.php\/projektowanie-wnetrz-mieszkalnych\/\",\"name\":\"PROJEKTOWANIE WN\\u0118TRZ MIESZKALNYCH - Studio Florence\",\"isPartOf\":{\"@id\":\"https:\/\/studioflorence.pl\/#website\"},\"datePublished\":\"2023-05-05T07:45:29+00:00\",\"dateModified\":\"2023-05-05T07:55:06+00:00\",\"breadcrumb\":{\"@id\":\"https:\/\/studioflorence.pl\/index.php\/projektowanie-wnetrz-mieszkalnych\/#breadcrumb\"},\"inLanguage\":\"pl-PL\",\"potentialAction\":[{\"@type\":\"ReadAction\",\"target\":[\"https:\/\/studioflorence.pl\/index.php\/projektowanie-wnetrz-mieszkalnych\/\"]}]},{\"@type\":\"BreadcrumbList\",\"@id\":\"https:\/\/studioflorence.pl\/index.php\/projektowanie-wnetrz-mieszkalnych\/#breadcrumb\",\"itemListElement\":[{\"@type\":\"ListItem\",\"position\":1,\"name\":\"Strona g\\u0142\\u00f3wna\",\"item\":\"https:\/\/studioflorence.pl\/\"},{\"@type\":\"ListItem\",\"position\":2,\"name\":\"PROJEKTOWANIE WN\\u0118TRZ MIESZKALNYCH\"}]}]}<\/script>\n<!-- \/ Yoast SEO Premium plugin. -->","yoast_head_json":{"title":"PROJEKTOWANIE WN\u0118TRZ MIESZKALNYCH - Studio Florence","robots":{"index":"index","follow":"follow","max-snippet":"max-snippet:-1","max-image-preview":"max-image-preview:large","max-video-preview":"max-video-preview:-1"},"canonical":"https:\/\/studioflorence.pl\/index.php\/projektowanie-wnetrz-mieszkalnych\/","og_locale":"pl_PL","og_type":"article","og_title":"PROJEKTOWANIE WN\u0118TRZ MIESZKALNYCH","og_description":"PROJEKTOWANIE WN\u0118TRZ MIESZKALNYCH Zakres us\u0142ugi obejmuje wykonanie projektu koncepcyjnego wraz z wizualizacj\u0105. Wykonujemy zestawienie materia\u0142\u00f3w, kosztorys oraz rzuty techniczne pomieszcze\u0144. Gwarantujemy nieoczywiste rozwi\u0105zania maj\u0105ce nada\u0107 indywidualny charakter i wygod\u0119 w u\u017cytkowaniu zaprojektowanych wn\u0119trz.","og_url":"https:\/\/studioflorence.pl\/index.php\/projektowanie-wnetrz-mieszkalnych\/","og_site_name":"Studio Florence","article_modified_time":"2023-05-05T07:55:06+00:00","twitter_card":"summary_large_image","twitter_misc":{"Szacowany czas czytania":"1 minuta"},"schema":{"@context":"https:\/\/schema.org","@graph":[{"@type":"WebSite","@id":"https:\/\/studioflorence.pl\/#website","url":"https:\/\/studioflorence.pl\/","name":"Studio Florence","description":"Projektowanie Wn\u0119trz","potentialAction":[{"@type":"SearchAction","target":{"@type":"EntryPoint","urlTemplate":"https:\/\/studioflorence.pl\/?s={search_term_string}"},"query-input":"required name=search_term_string"}],"inLanguage":"pl-PL"},{"@type":"WebPage","@id":"https:\/\/studioflorence.pl\/index.php\/projektowanie-wnetrz-mieszkalnych\/#webpage","url":"https:\/\/studioflorence.pl\/index.php\/projektowanie-wnetrz-mieszkalnych\/","name":"PROJEKTOWANIE WN\u0118TRZ MIESZKALNYCH - Studio Florence","isPartOf":{"@id":"https:\/\/studioflorence.pl\/#website"},"datePublished":"2023-05-05T07:45:29+00:00","dateModified":"2023-05-05T07:55:06+00:00","breadcrumb":{"@id":"https:\/\/studioflorence.pl\/index.php\/projektowanie-wnetrz-mieszkalnych\/#breadcrumb"},"inLanguage":"pl-PL","potentialAction":[{"@type":"ReadAction","target":["https:\/\/studioflorence.pl\/index.php\/projektowanie-wnetrz-mieszkalnych\/"]}]},{"@type":"BreadcrumbList","@id":"https:\/\/studioflorence.pl\/index.php\/projektowanie-wnetrz-mieszkalnych\/#breadcrumb","itemListElement":[{"@type":"ListItem","position":1,"name":"Strona g\u0142\u00f3wna","item":"https:\/\/studioflorence.pl\/"},{"@type":"ListItem","position":2,"name":"PROJEKTOWANIE WN\u0118TRZ MIESZKALNYCH"}]}]}},"_links":{"self":[{"href":"https:\/\/studioflorence.pl\/index.php\/wp-json\/wp\/v2\/pages\/577"}],"collection":[{"href":"https:\/\/studioflorence.pl\/index.php\/wp-json\/wp\/v2\/pages"}],"about":[{"href":"https:\/\/studioflorence.pl\/index.php\/wp-json\/wp\/v2\/types\/page"}],"author":[{"embeddable":true,"href":"https:\/\/studioflorence.pl\/index.php\/wp-json\/wp\/v2\/users\/1"}],"replies":[{"embeddable":true,"href":"https:\/\/studioflorence.pl\/index.php\/wp-json\/wp\/v2\/comments?post=577"}],"version-history":[{"count":7,"href":"https:\/\/studioflorence.pl\/index.php\/wp-json\/wp\/v2\/pages\/577\/revisions"}],"predecessor-version":[{"id":612,"href":"https:\/\/studioflorence.pl\/index.php\/wp-json\/wp\/v2\/pages\/577\/revisions\/612"}],"wp:attachment":[{"href":"https:\/\/studioflorence.pl\/index.php\/wp-json\/wp\/v2\/media?parent=577"}],"curies":[{"name":"wp","href":"https:\/\/api.w.org\/{rel}","templated":true}]}}